{"id":110,"date":"2017-07-13T02:25:18","date_gmt":"2017-07-13T02:25:18","guid":{"rendered":"http:\/\/www.colombiaogilvy.com\/bogotawpp\/?page_id=110"},"modified":"2020-11-11T10:10:15","modified_gmt":"2020-11-11T15:10:15","slug":"oficinas","status":"publish","type":"page","link":"https:\/\/www.colombiaogilvy.com\/index.php\/oficinas\/","title":{"rendered":"Oficinas"},"content":{"rendered":"<div id=\"pl-110\"  class=\"panel-layout\" ><div id=\"pg-110-0\"  class=\"panel-grid panel-has-style\" ><div class=\"siteorigin-panels-stretch panel-row-style panel-row-style-for-110-0\" style=\"padding: 30px 0; \" data-stretch-type=\"full\" data-overlay=\"true\" ><div id=\"pgc-110-0-0\"  class=\"panel-grid-cell\" ><div id=\"panel-110-0-0-0\" class=\"so-panel widget widget_sow-editor panel-first-child panel-last-child\" data-index=\"0\" ><div class=\"panel-widget-style panel-widget-style-for-110-0-0-0\" ><div\n\t\t\t\n\t\t\tclass=\"so-widget-sow-editor so-widget-sow-editor-base\"\n\t\t\t\n\t\t>\n<div class=\"siteorigin-widget-tinymce textwidget\">\n\t<div id='gallery-1' class='gallery galleryid-110 gallery-columns-1 gallery-size-full'><figure class='gallery-item'>\n\t\t\t<div class='gallery-icon landscape'>\n\t\t\t\t<a href='https:\/\/www.colombiaogilvy.com\/wp-content\/uploads\/2017\/07\/plano4piso-01.jpg' title=\"\" data-rl_title=\"\" class=\"rl-gallery-link\" data-rl_caption=\"\" data-rel=\"lightbox-gallery-1\"><img loading=\"lazy\" decoding=\"async\" width=\"914\" height=\"594\" src=\"https:\/\/www.colombiaogilvy.com\/wp-content\/uploads\/2017\/07\/plano4piso-01.jpg\" class=\"attachment-full size-full\" alt=\"\" srcset=\"https:\/\/www.colombiaogilvy.com\/wp-content\/uploads\/2017\/07\/plano4piso-01.jpg 914w, https:\/\/www.colombiaogilvy.com\/wp-content\/uploads\/2017\/07\/plano4piso-01-300x195.jpg 300w, https:\/\/www.colombiaogilvy.com\/wp-content\/uploads\/2017\/07\/plano4piso-01-768x499.jpg 768w, https:\/\/www.colombiaogilvy.com\/wp-content\/uploads\/2017\/07\/plano4piso-01-830x539.jpg 830w, https:\/\/www.colombiaogilvy.com\/wp-content\/uploads\/2017\/07\/plano4piso-01-230x149.jpg 230w, https:\/\/www.colombiaogilvy.com\/wp-content\/uploads\/2017\/07\/plano4piso-01-350x227.jpg 350w, https:\/\/www.colombiaogilvy.com\/wp-content\/uploads\/2017\/07\/plano4piso-01-480x312.jpg 480w\" sizes=\"(max-width: 914px) 100vw, 914px\" \/><\/a>\n\t\t\t<\/div><\/figure>\n\t\t<\/div>\n\n<\/div>\n<\/div><\/div><\/div><\/div><\/div><\/div><div id=\"pg-110-1\"  class=\"panel-grid panel-has-style\" ><div style=\"padding: 20px 0; \" id=\"espacios-reservables-contenedor\" data-overlay=\"true\" class=\"panel-row-style panel-row-style-for-110-1\" ><div id=\"pgc-110-1-0\"  class=\"panel-grid-cell\" ><div id=\"panel-110-1-0-0\" class=\"so-panel widget widget_sow-editor panel-first-child panel-last-child\" data-index=\"1\" ><div id=\"er-izq\" class=\"panel-widget-style panel-widget-style-for-110-1-0-0\" ><div\n\t\t\t\n\t\t\tclass=\"so-widget-sow-editor so-widget-sow-editor-base\"\n\t\t\t\n\t\t>\n<div class=\"siteorigin-widget-tinymce textwidget\">\n\t<h3 class=\"redTitle\">ESPACIOS RESERVABLES<\/h3>\n<p>Cuenta con salas con diferentes capacidades, dise\u00f1adas para reuniones internas y externas, equipadas con dispositivos de audio, video y teleconferencia.<\/p>\n<p>Res\u00e9rvalas de acuerdo al tiempo y la cantidad de asistentes a trav\u00e9s de Outlook. Si no vas a realizar tu reuni\u00f3n, cancela la reservaci\u00f3n para que otros puedan utilizarla.<\/p>\n<p>Encuentra aqu\u00ed el proceso para buscar y reservar la sala adecuada para tu reuni\u00f3n o evento.<\/p>\n<\/div>\n<\/div><\/div><\/div><\/div><div id=\"pgc-110-1-1\"  class=\"panel-grid-cell\" ><div id=\"panel-110-1-1-0\" class=\"so-panel widget widget_sow-editor panel-first-child panel-last-child\" data-index=\"2\" ><div id=\"er-der\" class=\"panel-widget-style panel-widget-style-for-110-1-1-0\" ><div\n\t\t\t\n\t\t\tclass=\"so-widget-sow-editor so-widget-sow-editor-base\"\n\t\t\t\n\t\t>\n<div class=\"siteorigin-widget-tinymce textwidget\">\n\t<div class=\"img-contenedor\"><img loading=\"lazy\" decoding=\"async\" class=\"alignnone size-full wp-image-1053\" src=\"\/bogotawpp\/wp-content\/uploads\/2017\/07\/sala-b-min-112018.jpg\" alt=\"Sala B\" width=\"640\" height=\"480\" srcset=\"https:\/\/www.colombiaogilvy.com\/wp-content\/uploads\/2017\/07\/sala-b-min-112018.jpg 640w, https:\/\/www.colombiaogilvy.com\/wp-content\/uploads\/2017\/07\/sala-b-min-112018-300x225.jpg 300w, https:\/\/www.colombiaogilvy.com\/wp-content\/uploads\/2017\/07\/sala-b-min-112018-230x173.jpg 230w, https:\/\/www.colombiaogilvy.com\/wp-content\/uploads\/2017\/07\/sala-b-min-112018-350x263.jpg 350w, https:\/\/www.colombiaogilvy.com\/wp-content\/uploads\/2017\/07\/sala-b-min-112018-480x360.jpg 480w\" sizes=\"(max-width: 640px) 100vw, 640px\" \/><\/div>\n<\/div>\n<\/div><\/div><\/div><\/div><\/div><\/div><div id=\"pg-110-2\"  class=\"panel-grid panel-has-style\" ><div style=\"padding: 30px 0; \" id=\"espacios-noreservables-contenedor\" data-overlay=\"true\" class=\"panel-row-style panel-row-style-for-110-2\" ><div id=\"pgc-110-2-0\"  class=\"panel-grid-cell\" ><div id=\"panel-110-2-0-0\" class=\"so-panel widget widget_sow-editor panel-first-child\" data-index=\"3\" ><div\n\t\t\t\n\t\t\tclass=\"so-widget-sow-editor so-widget-sow-editor-base\"\n\t\t\t\n\t\t>\n<div class=\"siteorigin-widget-tinymce textwidget\">\n\t<p><img loading=\"lazy\" decoding=\"async\" class=\"alignnone size-full wp-image-1054\" src=\"\/bogotawpp\/wp-content\/uploads\/2017\/07\/biblioteca-min-112018.jpg\" alt=\"\" width=\"1280\" height=\"960\" srcset=\"https:\/\/www.colombiaogilvy.com\/wp-content\/uploads\/2017\/07\/biblioteca-min-112018.jpg 1280w, https:\/\/www.colombiaogilvy.com\/wp-content\/uploads\/2017\/07\/biblioteca-min-112018-300x225.jpg 300w, https:\/\/www.colombiaogilvy.com\/wp-content\/uploads\/2017\/07\/biblioteca-min-112018-768x576.jpg 768w, https:\/\/www.colombiaogilvy.com\/wp-content\/uploads\/2017\/07\/biblioteca-min-112018-1024x768.jpg 1024w, https:\/\/www.colombiaogilvy.com\/wp-content\/uploads\/2017\/07\/biblioteca-min-112018-830x623.jpg 830w, https:\/\/www.colombiaogilvy.com\/wp-content\/uploads\/2017\/07\/biblioteca-min-112018-230x173.jpg 230w, https:\/\/www.colombiaogilvy.com\/wp-content\/uploads\/2017\/07\/biblioteca-min-112018-350x263.jpg 350w, https:\/\/www.colombiaogilvy.com\/wp-content\/uploads\/2017\/07\/biblioteca-min-112018-480x360.jpg 480w\" sizes=\"(max-width: 1280px) 100vw, 1280px\" \/><\/p>\n<\/div>\n<\/div><\/div><div id=\"panel-110-2-0-1\" class=\"so-panel widget widget_sow-editor panel-last-child\" data-index=\"4\" ><div class=\"left panel-widget-style panel-widget-style-for-110-2-0-1\" ><div\n\t\t\t\n\t\t\tclass=\"so-widget-sow-editor so-widget-sow-editor-base\"\n\t\t\t\n\t\t>\n<div class=\"siteorigin-widget-tinymce textwidget\">\n\t<h3>BIBLIOTECA<\/h3>\n<p>Este espacio es abierto, con capacidad para 8 personas y dotadas de conectividad.<\/p>\n<\/div>\n<\/div><\/div><\/div><\/div><div id=\"pgc-110-2-1\"  class=\"panel-grid-cell\" ><div id=\"panel-110-2-1-0\" class=\"so-panel widget widget_sow-editor panel-first-child\" data-index=\"5\" ><div\n\t\t\t\n\t\t\tclass=\"so-widget-sow-editor so-widget-sow-editor-base\"\n\t\t\t\n\t\t>\n<div class=\"siteorigin-widget-tinymce textwidget\">\n\t<p><img loading=\"lazy\" decoding=\"async\" class=\"alignnone size-full wp-image-1056\" src=\"\/bogotawpp\/wp-content\/uploads\/2017\/07\/mediatorta-min-112018.jpg\" alt=\"\" width=\"1280\" height=\"960\" srcset=\"https:\/\/www.colombiaogilvy.com\/wp-content\/uploads\/2017\/07\/mediatorta-min-112018.jpg 1280w, https:\/\/www.colombiaogilvy.com\/wp-content\/uploads\/2017\/07\/mediatorta-min-112018-300x225.jpg 300w, https:\/\/www.colombiaogilvy.com\/wp-content\/uploads\/2017\/07\/mediatorta-min-112018-768x576.jpg 768w, https:\/\/www.colombiaogilvy.com\/wp-content\/uploads\/2017\/07\/mediatorta-min-112018-1024x768.jpg 1024w, https:\/\/www.colombiaogilvy.com\/wp-content\/uploads\/2017\/07\/mediatorta-min-112018-830x623.jpg 830w, https:\/\/www.colombiaogilvy.com\/wp-content\/uploads\/2017\/07\/mediatorta-min-112018-230x173.jpg 230w, https:\/\/www.colombiaogilvy.com\/wp-content\/uploads\/2017\/07\/mediatorta-min-112018-350x263.jpg 350w, https:\/\/www.colombiaogilvy.com\/wp-content\/uploads\/2017\/07\/mediatorta-min-112018-480x360.jpg 480w\" sizes=\"(max-width: 1280px) 100vw, 1280px\" \/><\/p>\n<\/div>\n<\/div><\/div><div id=\"panel-110-2-1-1\" class=\"so-panel widget widget_sow-editor panel-last-child\" data-index=\"6\" ><div class=\"middle panel-widget-style panel-widget-style-for-110-2-1-1\" ><div\n\t\t\t\n\t\t\tclass=\"so-widget-sow-editor so-widget-sow-editor-base\"\n\t\t\t\n\t\t>\n<div class=\"siteorigin-widget-tinymce textwidget\">\n\t<h3>MEDIA TORTA<\/h3>\n<p>Con capacidad para 30 personas y dotadas con video y sonido, est\u00e1n dise\u00f1adas para reuniones especiales.<\/p>\n<\/div>\n<\/div><\/div><\/div><\/div><div id=\"pgc-110-2-2\"  class=\"panel-grid-cell\" ><div id=\"panel-110-2-2-0\" class=\"so-panel widget widget_sow-editor panel-first-child\" data-index=\"7\" ><div\n\t\t\t\n\t\t\tclass=\"so-widget-sow-editor so-widget-sow-editor-base\"\n\t\t\t\n\t\t>\n<div class=\"siteorigin-widget-tinymce textwidget\">\n\t<p><img loading=\"lazy\" decoding=\"async\" class=\"alignnone size-full wp-image-1057\" src=\"\/bogotawpp\/wp-content\/uploads\/2017\/07\/cafeteria-min-11-2018_v2.jpg\" alt=\"\" width=\"1280\" height=\"960\" srcset=\"https:\/\/www.colombiaogilvy.com\/wp-content\/uploads\/2017\/07\/cafeteria-min-11-2018_v2.jpg 1280w, https:\/\/www.colombiaogilvy.com\/wp-content\/uploads\/2017\/07\/cafeteria-min-11-2018_v2-300x225.jpg 300w, https:\/\/www.colombiaogilvy.com\/wp-content\/uploads\/2017\/07\/cafeteria-min-11-2018_v2-768x576.jpg 768w, https:\/\/www.colombiaogilvy.com\/wp-content\/uploads\/2017\/07\/cafeteria-min-11-2018_v2-1024x768.jpg 1024w, https:\/\/www.colombiaogilvy.com\/wp-content\/uploads\/2017\/07\/cafeteria-min-11-2018_v2-830x623.jpg 830w, https:\/\/www.colombiaogilvy.com\/wp-content\/uploads\/2017\/07\/cafeteria-min-11-2018_v2-230x173.jpg 230w, https:\/\/www.colombiaogilvy.com\/wp-content\/uploads\/2017\/07\/cafeteria-min-11-2018_v2-350x263.jpg 350w, https:\/\/www.colombiaogilvy.com\/wp-content\/uploads\/2017\/07\/cafeteria-min-11-2018_v2-480x360.jpg 480w\" sizes=\"(max-width: 1280px) 100vw, 1280px\" \/><\/p>\n<\/div>\n<\/div><\/div><div id=\"panel-110-2-2-1\" class=\"so-panel widget widget_sow-editor panel-last-child\" data-index=\"8\" ><div class=\"right panel-widget-style panel-widget-style-for-110-2-2-1\" ><div\n\t\t\t\n\t\t\tclass=\"so-widget-sow-editor so-widget-sow-editor-base\"\n\t\t\t\n\t\t>\n<div class=\"siteorigin-widget-tinymce textwidget\">\n\t<h3>CAFETER\u00cdA<\/h3>\n<p>Con capacidad para 44 personas, est\u00e1 totalmente equipada para las personas que traen sus alimentos para consumirlos en la oficina. Cuenta con plugs para aquellos que se sienten a gusto trabajando desde un ambiente diferente. En este lugar podr\u00e1s disfrutar de nuestro programa de snacks y bebidas, filtro de agua y punto de reciclaje.<\/p>\n<\/div>\n<\/div><\/div><\/div><\/div><\/div><\/div><div id=\"pg-110-3\"  class=\"panel-grid panel-has-style\" ><div class=\"siteorigin-panels-stretch panel-row-style panel-row-style-for-110-3\" style=\"padding: 0px 0; \" id=\"tips-contenedor\" data-stretch-type=\"full-stretched\" data-overlay=\"true\" ><div id=\"pgc-110-3-0\"  class=\"panel-grid-cell\" ><div id=\"panel-110-3-0-0\" class=\"so-panel widget widget_sow-editor panel-first-child panel-last-child\" data-index=\"9\" ><div class=\"left panel-widget-style panel-widget-style-for-110-3-0-0\" ><div\n\t\t\t\n\t\t\tclass=\"so-widget-sow-editor so-widget-sow-editor-base\"\n\t\t\t\n\t\t>\n<div class=\"siteorigin-widget-tinymce textwidget\">\n\t<h3 style=\"text-align: center;\">Tips de cortes\u00eda<\/h3>\n<\/div>\n<\/div><\/div><\/div><\/div><div id=\"pgc-110-3-1\"  class=\"panel-grid-cell\" ><\/div><div id=\"pgc-110-3-2\"  class=\"panel-grid-cell\" ><div id=\"panel-110-3-2-0\" class=\"so-panel widget widget_sow-editor panel-first-child panel-last-child\" data-index=\"11\" ><div class=\"right panel-widget-style panel-widget-style-for-110-3-2-0\" ><div\n\t\t\t\n\t\t\tclass=\"so-widget-sow-editor so-widget-sow-editor-base\"\n\t\t\t\n\t\t>\n<div class=\"siteorigin-widget-tinymce textwidget\">\n\t<p>&nbsp;<\/p>\n<\/div>\n<\/div><\/div><\/div><\/div><\/div><\/div><div id=\"pg-110-4\"  class=\"panel-grid panel-has-style\" ><div style=\"padding: 0px 0; \" id=\"otros-contenedor\" data-overlay=\"true\" class=\"panel-row-style panel-row-style-for-110-4\" ><div id=\"pgc-110-4-0\"  class=\"panel-grid-cell\" ><div id=\"panel-110-4-0-0\" class=\"so-panel widget widget_sow-editor panel-first-child panel-last-child\" data-index=\"12\" ><div class=\"left panel-widget-style panel-widget-style-for-110-4-0-0\" ><div\n\t\t\t\n\t\t\tclass=\"so-widget-sow-editor so-widget-sow-editor-base\"\n\t\t\t\n\t\t>\n<div class=\"siteorigin-widget-tinymce textwidget\">\n\t<h4>RECEPCI\u00d3N<\/h4>\n<p>Para proveedores y facturaci\u00f3n la atenci\u00f3n ser\u00e1 de lunes a viernes de 8:00 a.m. a 5:00 p.m.<\/p>\n<h4>EL LOBBY DEL EDIFICIO<\/h4>\n<p>Ofrece servicio de registro de visitantes, soporte y orientaci\u00f3n, en horario de lunes a viernes de 7:00 a.m. a 5:30 p.m. El edificio cuenta con servicio de vigilancia privada y apoyo en la recepci\u00f3n los fines de semana y tambien festivos.<\/p>\n<h4>RECEPCI\u00d3N PRINCIPAL<\/h4>\n<p>Nuestra recepci\u00f3n ubicada en el piso 4, ofrece atenci\u00f3n para los empleados y clientes. Para los proveedores la atenci\u00f3n ser\u00e1 de lunes a viernes, entre las 8:00 a.m y las 5:30 p.m.<\/p>\n<h4>RESTRICCIONES<\/h4>\n<ul>\n<li>-Ingreso de animales.<\/li>\n<li>-Fumar tanto en la zona al aire libre, como en el espacio cubierto.<\/li>\n<li>-Consumir bebidas alcoh\u00f3licas, a menos que sea un evento previamente programado y avalado por la administraci\u00f3n del edificio NAOS<\/li>\n<\/ul>\n<\/div>\n<\/div><\/div><\/div><\/div><div id=\"pgc-110-4-1\"  class=\"panel-grid-cell\" ><div id=\"panel-110-4-1-0\" class=\"so-panel widget widget_sow-editor panel-first-child panel-last-child\" data-index=\"13\" ><div class=\"middle panel-widget-style panel-widget-style-for-110-4-1-0\" ><div\n\t\t\t\n\t\t\tclass=\"so-widget-sow-editor so-widget-sow-editor-base\"\n\t\t\t\n\t\t>\n<div class=\"siteorigin-widget-tinymce textwidget\">\n\t<h4>TERRAZA<\/h4>\n<p>Es un lugar cubierto y abierto lleno de jardines, con vista espectacular de 360\u00b0 a la ciudad y los cerros, de uso exclusivo para empleados y visitantes de WPP entre las 7:30 am y las 5:30 pm de lunes a viernes.<br \/>\nCuenta con wifi para quienes quieran trabajar en este ambiente diferente para salir de la rutina. Aunque no es un espacio concebido para calentar ni subir almuerzos, la terraza est\u00e1 disponible para hacer eventos corporativos internos con previa autorizaci\u00f3n de la administraci\u00f3n del edificio.<br \/>\nEste espacio deber\u00e1 ser reservado con al menos 15 (quince) d\u00edas de antelaci\u00f3n y dependiendo de la disponibilidad.<\/p>\n<\/div>\n<\/div><\/div><\/div><\/div><div id=\"pgc-110-4-2\"  class=\"panel-grid-cell\" ><div id=\"panel-110-4-2-0\" class=\"so-panel widget widget_sow-editor panel-first-child panel-last-child\" data-index=\"14\" ><div class=\"right panel-widget-style panel-widget-style-for-110-4-2-0\" ><div\n\t\t\t\n\t\t\tclass=\"so-widget-sow-editor so-widget-sow-editor-base\"\n\t\t\t\n\t\t>\n<div class=\"siteorigin-widget-tinymce textwidget\">\n\t<h4>PARQUEADERO<\/h4>\n<ul>\n<li>\u2022 Limitado para los empleados y visitantes con algunos cupos para autom\u00f3viles y motos en los s\u00f3tanos 1, 2 y 3.<\/li>\n<li>\u2022 El espacio para empleados cuenta con lugares asignados compartidos por servidumbre y asignados por la Direcci\u00f3n de Recursos Humanos de cada agencia.<\/li>\n<li>\u2022 El parqueadero para visitantes no tendr\u00e1 costo o tiempo l\u00edmite de permanencia.<\/li>\n<li>\u2022 Los parqueaderos son prioritarios para veh\u00edculos de bajas emisiones o el\u00e9ctricos.<\/li>\n<li>\u2022 Los parqueaderos para bicicletas disponibles para los empleados, est\u00e1n ubicados en el primer piso. El ingreso se realiza a trav\u00e9s de la presentaci\u00f3n del carn\u00e9 de identificaci\u00f3n de la bicicleta, el cual la Administraci\u00f3n del edificio expide a cada propietario.<\/li>\n<\/ul>\n<\/div>\n<\/div><\/div><\/div><\/div><\/div><\/div><\/div>","protected":false},"excerpt":{"rendered":"<p>ESPACIOS RESERVABLES Cuenta con salas con diferentes capacidades, dise\u00f1adas para reuniones internas y externas, equipadas con dispositivos de audio, video y teleconferencia. [&hellip;]<\/p>\n","protected":false},"author":1,"featured_media":0,"parent":0,"menu_order":0,"comment_status":"closed","ping_status":"closed","template":"page-templates\/page_fullwidth.php","meta":{"footnotes":""},"yoast_head":"<!-- This site is optimized with the Yoast SEO plugin v23.3 - https:\/\/yoast.com\/wordpress\/plugins\/seo\/ -->\n<title>Oficinas - Ogilvy Bogot\u00e1<\/title>\n<meta name=\"description\" content=\"Conoce m\u00e1s sobre los espacios a tu disposici\u00f3n.\" \/>\n<meta name=\"robots\" content=\"index, follow, max-snippet:-1, max-image-preview:large, max-video-preview:-1\" \/>\n<link rel=\"canonical\" href=\"https:\/\/www.colombiaogilvy.com\/index.php\/oficinas\/\" \/>\n<meta property=\"og:locale\" content=\"es_ES\" \/>\n<meta property=\"og:type\" content=\"article\" \/>\n<meta property=\"og:title\" content=\"Oficinas - Ogilvy Bogot\u00e1\" \/>\n<meta property=\"og:description\" content=\"Conoce m\u00e1s sobre los espacios a tu disposici\u00f3n.\" \/>\n<meta property=\"og:url\" content=\"https:\/\/www.colombiaogilvy.com\/index.php\/oficinas\/\" \/>\n<meta property=\"og:site_name\" content=\"Ogilvy Bogot\u00e1\" \/>\n<meta property=\"article:modified_time\" content=\"2020-11-11T15:10:15+00:00\" \/>\n<meta property=\"og:image\" content=\"https:\/\/www.colombiaogilvy.com\/wp-content\/uploads\/2017\/07\/plano4piso-01.jpg\" \/>\n<meta name=\"twitter:card\" content=\"summary_large_image\" \/>\n<meta name=\"twitter:label1\" content=\"Tiempo de lectura\" \/>\n\t<meta name=\"twitter:data1\" content=\"3 minutos\" \/>\n<script type=\"application\/ld+json\" class=\"yoast-schema-graph\">{\"@context\":\"https:\/\/schema.org\",\"@graph\":[{\"@type\":\"WebPage\",\"@id\":\"https:\/\/www.colombiaogilvy.com\/index.php\/oficinas\/\",\"url\":\"https:\/\/www.colombiaogilvy.com\/index.php\/oficinas\/\",\"name\":\"Oficinas - Ogilvy Bogot\u00e1\",\"isPartOf\":{\"@id\":\"https:\/\/www.colombiaogilvy.com\/#website\"},\"datePublished\":\"2017-07-13T02:25:18+00:00\",\"dateModified\":\"2020-11-11T15:10:15+00:00\",\"description\":\"Conoce m\u00e1s sobre los espacios a tu disposici\u00f3n.\",\"breadcrumb\":{\"@id\":\"https:\/\/www.colombiaogilvy.com\/index.php\/oficinas\/#breadcrumb\"},\"inLanguage\":\"es\",\"potentialAction\":[{\"@type\":\"ReadAction\",\"target\":[\"https:\/\/www.colombiaogilvy.com\/index.php\/oficinas\/\"]}]},{\"@type\":\"BreadcrumbList\",\"@id\":\"https:\/\/www.colombiaogilvy.com\/index.php\/oficinas\/#breadcrumb\",\"itemListElement\":[{\"@type\":\"ListItem\",\"position\":1,\"name\":\"Portada\",\"item\":\"https:\/\/www.colombiaogilvy.com\/\"},{\"@type\":\"ListItem\",\"position\":2,\"name\":\"Oficinas\"}]},{\"@type\":\"WebSite\",\"@id\":\"https:\/\/www.colombiaogilvy.com\/#website\",\"url\":\"https:\/\/www.colombiaogilvy.com\/\",\"name\":\"Ogilvy Bogot\u00e1\",\"description\":\"\",\"potentialAction\":[{\"@type\":\"SearchAction\",\"target\":{\"@type\":\"EntryPoint\",\"urlTemplate\":\"https:\/\/www.colombiaogilvy.com\/?s={search_term_string}\"},\"query-input\":\"required name=search_term_string\"}],\"inLanguage\":\"es\"}]}<\/script>\n<!-- \/ Yoast SEO plugin. -->","yoast_head_json":{"title":"Oficinas - Ogilvy Bogot\u00e1","description":"Conoce m\u00e1s sobre los espacios a tu disposici\u00f3n.","robots":{"index":"index","follow":"follow","max-snippet":"max-snippet:-1","max-image-preview":"max-image-preview:large","max-video-preview":"max-video-preview:-1"},"canonical":"https:\/\/www.colombiaogilvy.com\/index.php\/oficinas\/","og_locale":"es_ES","og_type":"article","og_title":"Oficinas - Ogilvy Bogot\u00e1","og_description":"Conoce m\u00e1s sobre los espacios a tu disposici\u00f3n.","og_url":"https:\/\/www.colombiaogilvy.com\/index.php\/oficinas\/","og_site_name":"Ogilvy Bogot\u00e1","article_modified_time":"2020-11-11T15:10:15+00:00","og_image":[{"url":"https:\/\/www.colombiaogilvy.com\/wp-content\/uploads\/2017\/07\/plano4piso-01.jpg"}],"twitter_card":"summary_large_image","twitter_misc":{"Tiempo de lectura":"3 minutos"},"schema":{"@context":"https:\/\/schema.org","@graph":[{"@type":"WebPage","@id":"https:\/\/www.colombiaogilvy.com\/index.php\/oficinas\/","url":"https:\/\/www.colombiaogilvy.com\/index.php\/oficinas\/","name":"Oficinas - Ogilvy Bogot\u00e1","isPartOf":{"@id":"https:\/\/www.colombiaogilvy.com\/#website"},"datePublished":"2017-07-13T02:25:18+00:00","dateModified":"2020-11-11T15:10:15+00:00","description":"Conoce m\u00e1s sobre los espacios a tu disposici\u00f3n.","breadcrumb":{"@id":"https:\/\/www.colombiaogilvy.com\/index.php\/oficinas\/#breadcrumb"},"inLanguage":"es","potentialAction":[{"@type":"ReadAction","target":["https:\/\/www.colombiaogilvy.com\/index.php\/oficinas\/"]}]},{"@type":"BreadcrumbList","@id":"https:\/\/www.colombiaogilvy.com\/index.php\/oficinas\/#breadcrumb","itemListElement":[{"@type":"ListItem","position":1,"name":"Portada","item":"https:\/\/www.colombiaogilvy.com\/"},{"@type":"ListItem","position":2,"name":"Oficinas"}]},{"@type":"WebSite","@id":"https:\/\/www.colombiaogilvy.com\/#website","url":"https:\/\/www.colombiaogilvy.com\/","name":"Ogilvy Bogot\u00e1","description":"","potentialAction":[{"@type":"SearchAction","target":{"@type":"EntryPoint","urlTemplate":"https:\/\/www.colombiaogilvy.com\/?s={search_term_string}"},"query-input":"required name=search_term_string"}],"inLanguage":"es"}]}},"_links":{"self":[{"href":"https:\/\/www.colombiaogilvy.com\/index.php\/wp-json\/wp\/v2\/pages\/110"}],"collection":[{"href":"https:\/\/www.colombiaogilvy.com\/index.php\/wp-json\/wp\/v2\/pages"}],"about":[{"href":"https:\/\/www.colombiaogilvy.com\/index.php\/wp-json\/wp\/v2\/types\/page"}],"author":[{"embeddable":true,"href":"https:\/\/www.colombiaogilvy.com\/index.php\/wp-json\/wp\/v2\/users\/1"}],"replies":[{"embeddable":true,"href":"https:\/\/www.colombiaogilvy.com\/index.php\/wp-json\/wp\/v2\/comments?post=110"}],"version-history":[{"count":129,"href":"https:\/\/www.colombiaogilvy.com\/index.php\/wp-json\/wp\/v2\/pages\/110\/revisions"}],"predecessor-version":[{"id":1486,"href":"https:\/\/www.colombiaogilvy.com\/index.php\/wp-json\/wp\/v2\/pages\/110\/revisions\/1486"}],"wp:attachment":[{"href":"https:\/\/www.colombiaogilvy.com\/index.php\/wp-json\/wp\/v2\/media?parent=110"}],"curies":[{"name":"wp","href":"https:\/\/api.w.org\/{rel}","templated":true}]}}